{"id":1069,"date":"2019-03-29T16:31:37","date_gmt":"2019-03-29T19:31:37","guid":{"rendered":"http:\/\/www.disur.com.ar\/v2\/wordpress\/?post_type=product&#038;p=1069"},"modified":"2019-07-22T17:45:56","modified_gmt":"2019-07-22T20:45:56","slug":"absorbente-crunch-oil-loose-fiber-x-1kg","status":"publish","type":"product","link":"http:\/\/www.disur.com.ar\/v2\/wordpress\/product\/absorbente-crunch-oil-loose-fiber-x-1kg\/","title":{"rendered":"Absorbente CRUNCH OIL Loose Fiber x 1Kg"},"content":{"rendered":"<p>LOOSE FIBER son fibras org\u00e1nicas desnaturalizadas, estabilizadas e inertizadas, dise\u00f1adas para ser utilizadas en derrames de hidrocarburos y una gran diversidad de productos como aceites vegetales, lubricantes, etc.<\/p>\n","protected":false},"excerpt":{"rendered":"<h3>Descripci\u00f3n del producto<\/h3>\n<p>&#8211;<\/p>\n<table>\n<tbody>\n<tr>\n<td>Puede emplearse directamente sobre los derrames, absorbiendo el producto derramado y encapsul\u00e1ndolo muy r\u00e1pidamente de tal manera de minimizar los riesgos del mismo. El producto absorbido es encapsulado gracias la particular estructura de la fibra.<\/td>\n<\/tr>\n<\/tbody>\n<\/table>\n<p>La aplicaci\u00f3n de\u00a0<strong>LOOSE FIBER\u00a0<\/strong>se extiende a todas las actividades industriales y comerciales que tengan la potencialidad de experimentar una fuga, perdida o derrame de hidrocarburos, aceites u otros productos. En los derrames sobre el agua, una vez colocadas las barreras de contenci\u00f3n y estabilizado el derrame, se puede colocar la fibra para la absorci\u00f3n r\u00e1pida del producto derramado<\/p>\n<p>&nbsp;<\/p>\n<p><strong>Propiedades F\u00edsicas y Qu\u00edmicas<\/strong><\/p>\n<p>Apariencia f\u00edsica: Fibra de color azul verdoso.<\/p>\n<p>Gravedad Espec\u00edfica: 0,8\/ 0,9.<\/p>\n<p>Humedad: 5.5%.<\/p>\n<p>Residuo por Ignici\u00f3n: 4 % cenizas.<\/p>\n<p>Materias inertes: 0,5 %.<\/p>\n<p>PH: 7 (Neutro)<\/p>\n<p>Punto de Inflamaci\u00f3n: 280 \u2013 290 \u00b0C<\/p>\n<p><strong>Limitaciones<\/strong><\/p>\n<p>No es recomendable su empleo con oxidantes fuertes. Se recomienda una prueba de compatibilidad antes de utilizar el absorbente con el l\u00edquido en cuesti\u00f3n. Si se va a utilizar a temperaturas superiores a 100\u00b0C, es esencial realizar dicha prueba antes de proceder a la absorci\u00f3n.<\/p>\n<p>En presencia de \u00e1cidos o \u00e1lcalis fuertes, si bien mantiene su capacidad de absorci\u00f3n, debe retirarse r\u00e1pidamente ya que puede ser agredido qu\u00edmicamente (como la mayor parte de las sustancias org\u00e1nicas).<\/p>\n","protected":false},"featured_media":1070,"comment_status":"open","ping_status":"closed","template":"","meta":[],"_links":{"self":[{"href":"http:\/\/www.disur.com.ar\/v2\/wordpress\/wp-json\/wp\/v2\/product\/1069"}],"collection":[{"href":"http:\/\/www.disur.com.ar\/v2\/wordpress\/wp-json\/wp\/v2\/product"}],"about":[{"href":"http:\/\/www.disur.com.ar\/v2\/wordpress\/wp-json\/wp\/v2\/types\/product"}],"replies":[{"embeddable":true,"href":"http:\/\/www.disur.com.ar\/v2\/wordpress\/wp-json\/wp\/v2\/comments?post=1069"}],"wp:featuredmedia":[{"embeddable":true,"href":"http:\/\/www.disur.com.ar\/v2\/wordpress\/wp-json\/wp\/v2\/media\/1070"}],"wp:attachment":[{"href":"http:\/\/www.disur.com.ar\/v2\/wordpress\/wp-json\/wp\/v2\/media?parent=1069"}],"curies":[{"name":"wp","href":"https:\/\/api.w.org\/{rel}","templated":true}]}}